{"id":5025,"date":"2014-06-03T10:29:08","date_gmt":"2014-06-03T08:29:08","guid":{"rendered":"http:\/\/web361.114.hosttech.eu\/?page_id=5025"},"modified":"2026-01-26T14:35:29","modified_gmt":"2026-01-26T12:35:29","slug":"praxis","status":"publish","type":"page","link":"https:\/\/www.tierarztschwyz.ch\/?page_id=5025","title":{"rendered":"Praxis"},"content":{"rendered":"<section  class=\"section swatch-decoration section-nopadding has-bottom \" ><div class=\"background-media\"><\/div><div class=\"background-overlay\" style=\"background-color:rgba(0,0,0,0)\"><\/div><div class=\"container\"><div class=\"row vertical-top\"><div class=\"col-md-12  text-default\" ><\/div><\/div><\/div><div class=\"decor-bottom\"><svg class=\"decor\" height=\"100%\" preserveaspectratio=\"none\" version=\"1.1\" viewbox=\"0 0 100 100\" width=\"100%\" xmlns=\"http:\/\/www.w3.org\/2000\/svg\">\n  <path d=\"M0 0 L100 0 L100 100\" stroke-width=\"0\"><\/path>\n<\/svg>\n<\/div><\/section><section  class=\"section swatch-light section-short \" ><div class=\"background-media\"><\/div><div class=\"background-overlay\" style=\"background-color:rgba(0,0,0,0)\"><\/div><div class=\"container\"><header class=\"section-header text-center underline\"><h1 class=\"headline super hairline\">Praxis<\/h1><p>Machen Sie sich ein Bild von unserer Praxis<\/p><\/header><div class=\"row vertical-top\"><div class=\"col-md-9  text-default\" ><\/div><div class=\"col-md-3  text-default\" ><\/div><\/div><\/div><\/section><section  class=\"section swatch-light section-nopadding \" ><div class=\"background-media\"><\/div><div class=\"background-overlay\" style=\"background-color:rgba(0,0,0,0)\"><\/div><div class=\"container\"><div class=\"row vertical-top\"><div class=\"col-md-9  text-default\" ><h1>Empfang<\/h1>\n<p>Die Anmeldung erfolgt am Empfang, wo Sie unsere tier\u00e4rztlichen Praxisassistentinnen antreffen. Sie vergeben Termine und beraten unsere Kunden zu Fragen bez\u00fcglich der Gesundheit und Ern\u00e4hrung. Hier erhalten Sie auch die Medikamente aus der Apotheke und k\u00f6nnen das Futter beziehen. <\/p>\n<\/div><div class=\"col-md-3  text-left\" ><div class=\"box-wrap alignnone\" data-animation=\"none\"><div class=\"box-square box-big\"><div class=\"box-dummy\"><\/div><span class=\"box-inner\"><a href=\"https:\/\/www.tierarztschwyz.ch\/wp\/wp-content\/uploads\/2014\/08\/empfang.jpg\" target=\"_self\" class=\"magnific\"><img decoding=\"async\" alt=\"\" src=\"https:\/\/www.tierarztschwyz.ch\/wp\/wp-content\/uploads\/2014\/08\/empfang.jpg\"\/><\/a><\/span><\/div><\/div><\/div><\/div><\/div><\/section><section  class=\"section swatch-light section-tiny \" ><div class=\"background-media\"><\/div><div class=\"background-overlay\" style=\"background-color:rgba(0,0,0,0)\"><\/div><div class=\"container\"><div class=\"row vertical-top\"><div class=\"col-md-9  text-default\" ><h1>Wartezimmer<\/h1>\n<p>Es ist uns ein grosses Anliegen, lange Wartezeiten zu vermeiden. Dies setzt aber ein gut funktionierendes Terminmanagement voraus. Deshalb bitten wir Sie, sich f\u00fcr die Sprechstunde vorher telefonisch anzumelden. <\/p>\n<\/div><div class=\"col-md-3  text-default\" ><div class=\"box-wrap alignnone\" data-animation=\"none\"><div class=\"box-square box-big\"><div class=\"box-dummy\"><\/div><span class=\"box-inner\"><a href=\"https:\/\/www.tierarztschwyz.ch\/wp\/wp-content\/uploads\/2014\/08\/wartezimmer.jpg\" target=\"_self\" class=\"magnific\"><img decoding=\"async\" alt=\"\" src=\"https:\/\/www.tierarztschwyz.ch\/wp\/wp-content\/uploads\/2014\/08\/wartezimmer.jpg\"\/><\/a><\/span><\/div><\/div><\/div><\/div><\/div><\/section><section  class=\"section swatch-light section-tiny \" ><div class=\"background-media\"><\/div><div class=\"background-overlay\" style=\"background-color:rgba(0,0,0,0)\"><\/div><div class=\"container\"><div class=\"row vertical-top\"><div class=\"col-md-9  text-default\" ><h1>Behandlung<\/h1>\n<p>Der Behandlungsraum ist die medizinische Zentralstelle der Tierarztpraxis. Hier werden die Tiere untersucht und wenn notwendig behandelt. Eine gr\u00fcndliche klinische Untersuchung ist das Kernst\u00fcck jeder Diagnose. Das Tier wird exakt untersucht. Alle Symptome werden erfasst. Zusammen mit dem Vorbericht und der Befragung der Besitzer versuchen wir, eine korrekte Diagnose zu stellen. <\/p>\n<\/div><div class=\"col-md-3  text-default\" ><div class=\"box-wrap alignnone\" data-animation=\"none\"><div class=\"box-square box-big\"><div class=\"box-dummy\"><\/div><span class=\"box-inner\"><a href=\"https:\/\/www.tierarztschwyz.ch\/wp\/wp-content\/uploads\/2014\/08\/behandlung.jpg\" target=\"_self\" class=\"magnific\"><img decoding=\"async\" alt=\"Behandlung\" src=\"https:\/\/www.tierarztschwyz.ch\/wp\/wp-content\/uploads\/2014\/08\/behandlung.jpg\"\/><\/a><\/span><\/div><\/div><\/div><\/div><\/div><\/section><section  class=\"section swatch-light section-tiny \" ><div class=\"background-media\"><\/div><div class=\"background-overlay\" style=\"background-color:rgba(0,0,0,0)\"><\/div><div class=\"container\"><div class=\"row vertical-top\"><div class=\"col-md-9  text-default\" ><h1>R\u00f6ntgen\/Ultraschall<\/h1>\n<p>Wir sind mit einem modernen digitalen R\u00f6ntgenger\u00e4t ausger\u00fcstet. Die digitale Form der R\u00f6ntgenbilder erm\u00f6glicht es uns, die Aufnahmen innert k\u00fcrzester Zeit von einem externen Spezialisten beurteilen zu lassen. Auf Wunsch k\u00f6nnen wir Ihnen die Aufnahmen auf eine CD brennen und mitgeben. Das ganze Praxisteam wird regelm\u00e4ssigen Strahlenschutzuntersuchungen unterzogen. Die gesamte R\u00f6ntgenanlage wird regelm\u00e4ssig gewartet. Neben dem R\u00f6ntgen steht uns mit dem Ultraschall ein zweites bildgebendes Verfahren zur Verf\u00fcgung. Einfache Ultraschalluntersuchungen f\u00fchren wir selber durch, f\u00fcr komplexere Fragestellungen \u00fcberweisen wir die Patienten an einen Spezialisten. <\/p>\n<\/div><div class=\"col-md-3  text-default\" ><div class=\"box-wrap alignnone\" data-animation=\"none\"><div class=\"box-square box-big\"><div class=\"box-dummy\"><\/div><span class=\"box-inner\"><a href=\"https:\/\/www.tierarztschwyz.ch\/wp\/wp-content\/uploads\/2014\/08\/roentgen.jpg\" target=\"_self\" class=\"magnific\"><img decoding=\"async\" alt=\"R\u00f6ntgen\/Ultraschall\" src=\"https:\/\/www.tierarztschwyz.ch\/wp\/wp-content\/uploads\/2014\/08\/roentgen.jpg\"\/><\/a><\/span><\/div><\/div><\/div><\/div><\/div><\/section><section  class=\"section swatch-light section-tiny \" ><div class=\"background-media\"><\/div><div class=\"background-overlay\" style=\"background-color:rgba(0,0,0,0)\"><\/div><div class=\"container\"><div class=\"row vertical-top\"><div class=\"col-md-9  text-default\" ><h1>Operation<\/h1>\n<p>Montag bis Freitag werden planbare Operationen durchgef\u00fchrt. Notf\u00e4lle operieren wir selbstverst\u00e4ndlich jederzeit. Je nach Eingriff und Gesundheitszustand der Patienten entscheiden wir uns f\u00fcr eine Injektions- oder Inhalationsnarkose. Folgende Operationen werden von uns vorgenommen:<\/p>\n<ul style=\"list-style-type: square;\">\n<li>Kastration<\/li>\n<li>Weichteiloperationen<\/li>\n<li>Unfall-Notversorgung<\/li>\n<li>Zahnchirurgie<\/li>\n<\/ul>\n<p>Kompliziertere F\u00e4lle \u00fcberweisen wir an die <a href=\"http:\/\/www.spezialistenklinik.ch\/\">Spezialistenklinik <\/a>in H\u00fcnenberg, an die <a href=\"http:\/\/www.tierklinik-dennler.ch\/\">Tierklinik Dennler <\/a>in Affoltern am Albis , an die <a href=\"http:\/\/www.myvets.ch\">my Vets Kleintierpraxis<\/a> in Cham oder an das <a href=\"http:\/\/www.tierspital.uzh.ch\/\">Tierspital Z\u00fcrich<\/a>. Die Nachbehandlung kann in den meisten F\u00e4llen durch uns vorgenommen werden. <\/p>\n<\/div><div class=\"col-md-3  text-default\" ><div class=\"box-wrap alignnone\" data-animation=\"none\"><div class=\"box-square box-big\"><div class=\"box-dummy\"><\/div><span class=\"box-inner\"><a href=\"https:\/\/www.tierarztschwyz.ch\/wp\/wp-content\/uploads\/2014\/08\/operation.jpg\" target=\"_self\" class=\"magnific\"><img decoding=\"async\" alt=\"Operation\" src=\"https:\/\/www.tierarztschwyz.ch\/wp\/wp-content\/uploads\/2014\/08\/operation.jpg\"\/><\/a><\/span><\/div><\/div><\/div><\/div><\/div><\/section><section  class=\"section swatch-light section-tiny \" ><div class=\"background-media\"><\/div><div class=\"background-overlay\" style=\"background-color:rgba(0,0,0,0)\"><\/div><div class=\"container\"><div class=\"row vertical-top\"><div class=\"col-md-9  text-default\" ><h1>Krankenraum<\/h1>\n<p>In unserem Krankenraum stehen uns Boxen f\u00fcr Hunde, Katzen und Heimtiere zur Verf\u00fcgung. Hier \u00fcberwachen wir all jene Patienten, welche eine intensive tier\u00e4rztliche Betreuung ben\u00f6tigen.<\/p>\n<ul style=\"list-style-type: square;\">\n<li>Frisch operierte Patienten<\/li>\n<li>Notf\u00e4lle und Intensivpatienten<\/li>\n<li>Patienten, die eine Therapie ben\u00f6tigen, welche die Besitzer nicht durchf\u00fchren k\u00f6nnen, nehmen wir ebenfalls zur Behandlung bei uns auf.<\/li>\n<\/ul>\n<p>Trotz unserer Anstrengung, den Aufenthalt so angenehm wie m\u00f6glich zu gestalten und die notwendigen Streicheleinheiten zu geben, entlassen wir unsere Patienten so bald als m\u00f6glich. Nirgends verl\u00e4uft die Erholung so gut wie in den eigenen vier W\u00e4nden unter Betreuung der gewohnten Bezugsperson. <\/p>\n<\/div><div class=\"col-md-3  text-default\" ><div class=\"box-wrap alignnone\" data-animation=\"none\"><div class=\"box-square box-big\"><div class=\"box-dummy\"><\/div><span class=\"box-inner\"><a href=\"https:\/\/www.tierarztschwyz.ch\/wp\/wp-content\/uploads\/2014\/08\/krankenraum.jpg\" target=\"_self\" class=\"magnific\"><img decoding=\"async\" alt=\"Krankenraum\" src=\"https:\/\/www.tierarztschwyz.ch\/wp\/wp-content\/uploads\/2014\/08\/krankenraum.jpg\"\/><\/a><\/span><\/div><\/div><\/div><\/div><\/div><\/section><section  class=\"section swatch-light section-tiny \" ><div class=\"background-media\"><\/div><div class=\"background-overlay\" style=\"background-color:rgba(0,0,0,0)\"><\/div><div class=\"container\"><div class=\"row vertical-top\"><div class=\"col-md-9  text-default\" ><h1>Labor<\/h1>\n<p>Folgende Untersuchungen k\u00f6nnen wir in unserem eigenen Labor durchf\u00fchren:<\/p>\n<ul style=\"list-style-type: square;\">\n<li>Blutuntersuchungen<\/li>\n<li>Harnuntersuchungen<\/li>\n<li>Harnsediment<\/li>\n<li>Kotuntersuchungen<\/li>\n<li>Hautuntersuchungen<\/li>\n<li>MilchbakteriologischeUntersuchungen<\/li>\n<\/ul>\n<p>Besondere Untersuchungen wie<\/p>\n<ul style=\"list-style-type: square;\">\n<li>Bakteriologie \/ Virologie \/ Antibiogramm<\/li>\n<li>spezielle Blutwerte<\/li>\n<li>Allergietest und Desensibilisierungsseren<\/li>\n<li>Histologie \/ Feinnadelaspiration etc. lassen wir durch speziell eingerichtete Labors durchf\u00fchren.<\/li>\n<\/ul>\n<\/div><div class=\"col-md-3  text-default\" ><div class=\"box-wrap alignnone\" data-animation=\"none\"><div class=\"box-square box-big\"><div class=\"box-dummy\"><\/div><span class=\"box-inner\"><a href=\"https:\/\/www.tierarztschwyz.ch\/wp\/wp-content\/uploads\/2014\/12\/labor.jpg\" target=\"_self\" class=\"magnific\"><img decoding=\"async\" alt=\"Labor\" src=\"https:\/\/www.tierarztschwyz.ch\/wp\/wp-content\/uploads\/2014\/12\/labor.jpg\"\/><\/a><\/span><\/div><\/div><\/div><\/div><\/div><\/section><section  class=\"section swatch-light section-tiny \" ><div class=\"background-media\"><\/div><div class=\"background-overlay\" style=\"background-color:rgba(0,0,0,0)\"><\/div><div class=\"container\"><div class=\"row vertical-top\"><div class=\"col-md-9  text-default\" ><h1>B\u00fcro<\/h1>\n<p>Das B\u00fcro nutzen wir f\u00fcr die Verwaltung und die Weiterbildung. Wir verwenden die Software <a href=\"http:\/\/www.diana.ch\">Diana<\/a>. F\u00fcr die Buchhaltung ist Christine Abgottspon zust\u00e4ndig, den Jahresabschluss erledigt das Treuhandb\u00fcro <a href=\"http:\/\/www.betschart-reichlin.ch\">Betschart &amp; Reichlin<\/a>. <\/p>\n<\/div><div class=\"col-md-3  text-default\" ><\/div><\/div><\/div><\/section><section  class=\"section swatch-light section-short \" ><div class=\"background-media\"><\/div><div class=\"background-overlay\" style=\"background-color:rgba(0,0,0,0)\"><\/div><div class=\"container\"><div class=\"row vertical-top\"><div class=\"col-md-9  text-default\" ><\/div><div class=\"col-md-3  text-default\" ><\/div><\/div><\/div><\/section><section  class=\"section swatch-decoration section-nopadding has-top \" ><div class=\"decor-top\"><svg class=\"decor\" height=\"100%\" preserveaspectratio=\"none\" version=\"1.1\" viewbox=\"0 0 100 100\" width=\"100%\" xmlns=\"http:\/\/www.w3.org\/2000\/svg\">\n  <path d=\"M0 0 L100 100 L0 100\" stroke-width=\"0\"><\/path>\n<\/svg>\n<\/div><div class=\"background-media\"><\/div><div class=\"background-overlay\" style=\"background-color:rgba(0,0,0,0)\"><\/div><div class=\"container\"><div class=\"row vertical-top\"><div class=\"col-md-12  text-default\" ><\/div><\/div><\/div><\/section>\n","protected":false},"excerpt":{"rendered":"","protected":false},"author":1,"featured_media":0,"parent":0,"menu_order":0,"comment_status":"closed","ping_status":"closed","template":"","meta":{"footnotes":""},"class_list":["post-5025","page","type-page","status-publish","hentry"],"publishpress_future_action":{"enabled":false,"date":"2026-05-10 15:29:12","action":"change-status","newStatus":"draft","terms":[],"taxonomy":"","extraData":[]},"publishpress_future_workflow_manual_trigger":{"enabledWorkflows":[]},"_links":{"self":[{"href":"https:\/\/www.tierarztschwyz.ch\/index.php?rest_route=\/wp\/v2\/pages\/5025","targetHints":{"allow":["GET"]}}],"collection":[{"href":"https:\/\/www.tierarztschwyz.ch\/index.php?rest_route=\/wp\/v2\/pages"}],"about":[{"href":"https:\/\/www.tierarztschwyz.ch\/index.php?rest_route=\/wp\/v2\/types\/page"}],"author":[{"embeddable":true,"href":"https:\/\/www.tierarztschwyz.ch\/index.php?rest_route=\/wp\/v2\/users\/1"}],"replies":[{"embeddable":true,"href":"https:\/\/www.tierarztschwyz.ch\/index.php?rest_route=%2Fwp%2Fv2%2Fcomments&post=5025"}],"version-history":[{"count":88,"href":"https:\/\/www.tierarztschwyz.ch\/index.php?rest_route=\/wp\/v2\/pages\/5025\/revisions"}],"predecessor-version":[{"id":7257,"href":"https:\/\/www.tierarztschwyz.ch\/index.php?rest_route=\/wp\/v2\/pages\/5025\/revisions\/7257"}],"wp:attachment":[{"href":"https:\/\/www.tierarztschwyz.ch\/index.php?rest_route=%2Fwp%2Fv2%2Fmedia&parent=5025"}],"curies":[{"name":"wp","href":"https:\/\/api.w.org\/{rel}","templated":true}]}}